{"id":4599,"date":"2024-01-31T17:09:33","date_gmt":"2024-01-31T17:09:33","guid":{"rendered":"https:\/\/vidistechnology.com\/?post_type=product&#038;p=4599"},"modified":"2024-01-31T17:09:34","modified_gmt":"2024-01-31T17:09:34","slug":"h3c-ezviz","status":"publish","type":"product","link":"https:\/\/vidistechnology.com\/index.php\/product\/h3c-ezviz\/","title":{"rendered":"H3c EZVIZ"},"content":{"rendered":"<p>Si vous recherchez une camera simple, robuste et intelligent, tout en \u00e9tant tr\u00e8s abordable, le H3c est probablement la meilleure option que vous puissiez trouver. La cam\u00e9ra est bien con\u00e7ue pour offrir une protection fiable de jour comme de nuit, notamment une d\u00e9tection humaine bas\u00e9e sur l&#8217;IA, un bo\u00eetier r\u00e9sistant aux intemp\u00e9ries, une qualit\u00e9 vid\u00e9o claire, une vision nocturne de grande envergure et bien plus encore.<\/p>\n","protected":false},"excerpt":{"rendered":"<p>Si vous recherchez une camera simple, robuste et intelligent, tout en \u00e9tant tr\u00e8s abordable, le H3c est probablement la meilleure option que vous puissiez trouver. La cam\u00e9ra est bien con\u00e7ue pour offrir une protection fiable de jour comme de nuit, notamment une d\u00e9tection humaine bas\u00e9e sur l&#8217;IA, un bo\u00eetier r\u00e9sistant aux intemp\u00e9ries, une qualit\u00e9 vid\u00e9o<\/p>\n<div class=\"klb-readmore button\"><a class=\"btn link\" href=\"https:\/\/vidistechnology.com\/index.php\/product\/h3c-ezviz\/\">Read More <i class=\"klbth-icon-right-arrow\"><\/i><\/a><\/div>\n","protected":false},"featured_media":4600,"template":"","meta":[],"product_cat":[217],"product_tag":[],"class_list":["post-4599","product","type-product","status-publish","has-post-thumbnail","hentry","product_cat-camera-wifi"],"yoast_head":"<!-- This site is optimized with the Yoast SEO plugin v21.5 - https:\/\/yoast.com\/wordpress\/plugins\/seo\/ -->\n<title>H3c EZVIZ - Vidistechnologie<\/title>\n<meta name=\"robots\" content=\"index, follow, max-snippet:-1, max-image-preview:large, max-video-preview:-1\" \/>\n<link rel=\"canonical\" href=\"http:\/\/vidistechnology.com\/index.php\/product\/h3c-ezviz\/\" \/>\n<meta property=\"og:locale\" content=\"fr_FR\" \/>\n<meta property=\"og:type\" content=\"article\" \/>\n<meta property=\"og:title\" content=\"H3c EZVIZ - Vidistechnologie\" \/>\n<meta property=\"og:description\" content=\"Si vous recherchez une camera simple, robuste et intelligent, tout en \u00e9tant tr\u00e8s abordable, le H3c est probablement la meilleure option que vous puissiez trouver. La cam\u00e9ra est bien con\u00e7ue pour offrir une protection fiable de jour comme de nuit, notamment une d\u00e9tection humaine bas\u00e9e sur l&#8217;IA, un bo\u00eetier r\u00e9sistant aux intemp\u00e9ries, une qualit\u00e9 vid\u00e9oRead More\" \/>\n<meta property=\"og:url\" content=\"http:\/\/vidistechnology.com\/index.php\/product\/h3c-ezviz\/\" \/>\n<meta property=\"og:site_name\" content=\"Vidistechnologie\" \/>\n<meta property=\"article:publisher\" content=\"https:\/\/www.facebook.com\/profile.php?id=100089805237154\" \/>\n<meta property=\"article:modified_time\" content=\"2024-01-31T17:09:34+00:00\" \/>\n<meta property=\"og:image\" content=\"http:\/\/vidistechnology.com\/wp-content\/uploads\/2024\/01\/5b063c778a449cee7517c688c4642028.jpg\" \/>\n\t<meta property=\"og:image:width\" content=\"1920\" \/>\n\t<meta property=\"og:image:height\" content=\"650\" \/>\n\t<meta property=\"og:image:type\" content=\"image\/jpeg\" \/>\n<meta name=\"twitter:card\" content=\"summary_large_image\" \/>\n<meta name=\"twitter:label1\" content=\"Dur\u00e9e de lecture estim\u00e9e\" \/>\n\t<meta name=\"twitter:data1\" content=\"1 minute\" \/>\n<script type=\"application\/ld+json\" class=\"yoast-schema-graph\">{\"@context\":\"https:\/\/schema.org\",\"@graph\":[{\"@type\":\"WebPage\",\"@id\":\"http:\/\/vidistechnology.com\/index.php\/product\/h3c-ezviz\/\",\"url\":\"http:\/\/vidistechnology.com\/index.php\/product\/h3c-ezviz\/\",\"name\":\"H3c EZVIZ - Vidistechnologie\",\"isPartOf\":{\"@id\":\"https:\/\/vidistechnology.com\/#website\"},\"datePublished\":\"2024-01-31T17:09:33+00:00\",\"dateModified\":\"2024-01-31T17:09:34+00:00\",\"breadcrumb\":{\"@id\":\"http:\/\/vidistechnology.com\/index.php\/product\/h3c-ezviz\/#breadcrumb\"},\"inLanguage\":\"fr-FR\",\"potentialAction\":[{\"@type\":\"ReadAction\",\"target\":[\"http:\/\/vidistechnology.com\/index.php\/product\/h3c-ezviz\/\"]}]},{\"@type\":\"BreadcrumbList\",\"@id\":\"http:\/\/vidistechnology.com\/index.php\/product\/h3c-ezviz\/#breadcrumb\",\"itemListElement\":[{\"@type\":\"ListItem\",\"position\":1,\"name\":\"Accueil\",\"item\":\"https:\/\/vidistechnology.com\/\"},{\"@type\":\"ListItem\",\"position\":2,\"name\":\"produits\",\"item\":\"https:\/\/vidistechnology.com\/index.php\/shop-2\/\"},{\"@type\":\"ListItem\",\"position\":3,\"name\":\"H3c EZVIZ\"}]},{\"@type\":\"WebSite\",\"@id\":\"https:\/\/vidistechnology.com\/#website\",\"url\":\"https:\/\/vidistechnology.com\/\",\"name\":\"Vidistechnologie\",\"description\":\"\",\"publisher\":{\"@id\":\"https:\/\/vidistechnology.com\/#organization\"},\"potentialAction\":[{\"@type\":\"SearchAction\",\"target\":{\"@type\":\"EntryPoint\",\"urlTemplate\":\"https:\/\/vidistechnology.com\/?s={search_term_string}\"},\"query-input\":\"required name=search_term_string\"}],\"inLanguage\":\"fr-FR\"},{\"@type\":\"Organization\",\"@id\":\"https:\/\/vidistechnology.com\/#organization\",\"name\":\"Vidistechnologie\",\"url\":\"https:\/\/vidistechnology.com\/\",\"logo\":{\"@type\":\"ImageObject\",\"inLanguage\":\"fr-FR\",\"@id\":\"https:\/\/vidistechnology.com\/#\/schema\/logo\/image\/\",\"url\":\"https:\/\/vidistechnology.com\/wp-content\/uploads\/2023\/09\/332472308_904858154051322_6295981484547826480_n.png\",\"contentUrl\":\"https:\/\/vidistechnology.com\/wp-content\/uploads\/2023\/09\/332472308_904858154051322_6295981484547826480_n.png\",\"width\":1992,\"height\":1259,\"caption\":\"Vidistechnologie\"},\"image\":{\"@id\":\"https:\/\/vidistechnology.com\/#\/schema\/logo\/image\/\"},\"sameAs\":[\"https:\/\/www.facebook.com\/profile.php?id=100089805237154\"]}]}<\/script>\n<!-- \/ Yoast SEO plugin. -->","yoast_head_json":{"title":"H3c EZVIZ - Vidistechnologie","robots":{"index":"index","follow":"follow","max-snippet":"max-snippet:-1","max-image-preview":"max-image-preview:large","max-video-preview":"max-video-preview:-1"},"canonical":"http:\/\/vidistechnology.com\/index.php\/product\/h3c-ezviz\/","og_locale":"fr_FR","og_type":"article","og_title":"H3c EZVIZ - Vidistechnologie","og_description":"Si vous recherchez une camera simple, robuste et intelligent, tout en \u00e9tant tr\u00e8s abordable, le H3c est probablement la meilleure option que vous puissiez trouver. La cam\u00e9ra est bien con\u00e7ue pour offrir une protection fiable de jour comme de nuit, notamment une d\u00e9tection humaine bas\u00e9e sur l&#8217;IA, un bo\u00eetier r\u00e9sistant aux intemp\u00e9ries, une qualit\u00e9 vid\u00e9oRead More","og_url":"http:\/\/vidistechnology.com\/index.php\/product\/h3c-ezviz\/","og_site_name":"Vidistechnologie","article_publisher":"https:\/\/www.facebook.com\/profile.php?id=100089805237154","article_modified_time":"2024-01-31T17:09:34+00:00","og_image":[{"width":1920,"height":650,"url":"http:\/\/vidistechnology.com\/wp-content\/uploads\/2024\/01\/5b063c778a449cee7517c688c4642028.jpg","type":"image\/jpeg"}],"twitter_card":"summary_large_image","twitter_misc":{"Dur\u00e9e de lecture estim\u00e9e":"1 minute"},"schema":{"@context":"https:\/\/schema.org","@graph":[{"@type":"WebPage","@id":"http:\/\/vidistechnology.com\/index.php\/product\/h3c-ezviz\/","url":"http:\/\/vidistechnology.com\/index.php\/product\/h3c-ezviz\/","name":"H3c EZVIZ - Vidistechnologie","isPartOf":{"@id":"https:\/\/vidistechnology.com\/#website"},"datePublished":"2024-01-31T17:09:33+00:00","dateModified":"2024-01-31T17:09:34+00:00","breadcrumb":{"@id":"http:\/\/vidistechnology.com\/index.php\/product\/h3c-ezviz\/#breadcrumb"},"inLanguage":"fr-FR","potentialAction":[{"@type":"ReadAction","target":["http:\/\/vidistechnology.com\/index.php\/product\/h3c-ezviz\/"]}]},{"@type":"BreadcrumbList","@id":"http:\/\/vidistechnology.com\/index.php\/product\/h3c-ezviz\/#breadcrumb","itemListElement":[{"@type":"ListItem","position":1,"name":"Accueil","item":"https:\/\/vidistechnology.com\/"},{"@type":"ListItem","position":2,"name":"produits","item":"https:\/\/vidistechnology.com\/index.php\/shop-2\/"},{"@type":"ListItem","position":3,"name":"H3c EZVIZ"}]},{"@type":"WebSite","@id":"https:\/\/vidistechnology.com\/#website","url":"https:\/\/vidistechnology.com\/","name":"Vidistechnologie","description":"","publisher":{"@id":"https:\/\/vidistechnology.com\/#organization"},"potentialAction":[{"@type":"SearchAction","target":{"@type":"EntryPoint","urlTemplate":"https:\/\/vidistechnology.com\/?s={search_term_string}"},"query-input":"required name=search_term_string"}],"inLanguage":"fr-FR"},{"@type":"Organization","@id":"https:\/\/vidistechnology.com\/#organization","name":"Vidistechnologie","url":"https:\/\/vidistechnology.com\/","logo":{"@type":"ImageObject","inLanguage":"fr-FR","@id":"https:\/\/vidistechnology.com\/#\/schema\/logo\/image\/","url":"https:\/\/vidistechnology.com\/wp-content\/uploads\/2023\/09\/332472308_904858154051322_6295981484547826480_n.png","contentUrl":"https:\/\/vidistechnology.com\/wp-content\/uploads\/2023\/09\/332472308_904858154051322_6295981484547826480_n.png","width":1992,"height":1259,"caption":"Vidistechnologie"},"image":{"@id":"https:\/\/vidistechnology.com\/#\/schema\/logo\/image\/"},"sameAs":["https:\/\/www.facebook.com\/profile.php?id=100089805237154"]}]}},"_links":{"self":[{"href":"https:\/\/vidistechnology.com\/index.php\/wp-json\/wp\/v2\/product\/4599","targetHints":{"allow":["GET"]}}],"collection":[{"href":"https:\/\/vidistechnology.com\/index.php\/wp-json\/wp\/v2\/product"}],"about":[{"href":"https:\/\/vidistechnology.com\/index.php\/wp-json\/wp\/v2\/types\/product"}],"version-history":[{"count":1,"href":"https:\/\/vidistechnology.com\/index.php\/wp-json\/wp\/v2\/product\/4599\/revisions"}],"predecessor-version":[{"id":4601,"href":"https:\/\/vidistechnology.com\/index.php\/wp-json\/wp\/v2\/product\/4599\/revisions\/4601"}],"wp:featuredmedia":[{"embeddable":true,"href":"https:\/\/vidistechnology.com\/index.php\/wp-json\/wp\/v2\/media\/4600"}],"wp:attachment":[{"href":"https:\/\/vidistechnology.com\/index.php\/wp-json\/wp\/v2\/media?parent=4599"}],"wp:term":[{"taxonomy":"product_cat","embeddable":true,"href":"https:\/\/vidistechnology.com\/index.php\/wp-json\/wp\/v2\/product_cat?post=4599"},{"taxonomy":"product_tag","embeddable":true,"href":"https:\/\/vidistechnology.com\/index.php\/wp-json\/wp\/v2\/product_tag?post=4599"}],"curies":[{"name":"wp","href":"https:\/\/api.w.org\/{rel}","templated":true}]}}