{"id":4486,"date":"2023-10-18T17:49:30","date_gmt":"2023-10-18T17:49:30","guid":{"rendered":"https:\/\/vidistechnology.com\/?post_type=product&#038;p=4486"},"modified":"2023-10-31T18:29:14","modified_gmt":"2023-10-31T18:29:14","slug":"token-inline-800-480-w-8-prises","status":"publish","type":"product","link":"https:\/\/vidistechnology.com\/index.php\/product\/token-inline-800-480-w-8-prises\/","title":{"rendered":"TOKEN INLINE 800VA \/ 480 W \/ 8 PRISES"},"content":{"rendered":"<p>Onduleur Inline NJoy Token 800 &#8211; Puissance 800VA \/ 480W &#8211; Fr\u00e9quence 50Hz ~ 60Hz &#8211; Temps de commutation 6 ms &#8211; Interface de communication PC USB &#8211; \u00c9cran LCD &#8211; Prises \u00e9lectriques 8 &#8211; RJ11 \/ RJ45 Protection du t\u00e9l\u00e9phone et du r\u00e9seau &#8211; Dimensions 345 x 200 x 100 mm &#8211; Poids 5.8 kg<\/p>\n","protected":false},"excerpt":{"rendered":"<p>Onduleur Inline NJoy Token 800 &#8211; Puissance 800VA \/ 480W &#8211; Fr\u00e9quence 50Hz ~ 60Hz &#8211; Temps de commutation 6 ms &#8211; Interface de communication PC USB &#8211; \u00c9cran LCD &#8211; Prises \u00e9lectriques 8 &#8211; RJ11 \/ RJ45 Protection du t\u00e9l\u00e9phone et du r\u00e9seau &#8211; Dimensions 345 x 200 x 100 mm &#8211; Poids 5.8<\/p>\n<div class=\"klb-readmore button\"><a class=\"btn link\" href=\"https:\/\/vidistechnology.com\/index.php\/product\/token-inline-800-480-w-8-prises\/\">Read More <i class=\"klbth-icon-right-arrow\"><\/i><\/a><\/div>\n","protected":false},"featured_media":4487,"template":"","meta":[],"product_cat":[214],"product_tag":[],"class_list":["post-4486","product","type-product","status-publish","has-post-thumbnail","hentry","product_cat-onduleur"],"yoast_head":"<!-- This site is optimized with the Yoast SEO plugin v21.5 - https:\/\/yoast.com\/wordpress\/plugins\/seo\/ -->\n<title>TOKEN INLINE 800VA \/ 480 W \/ 8 PRISES - Vidistechnologie<\/title>\n<meta name=\"robots\" content=\"index, follow, max-snippet:-1, max-image-preview:large, max-video-preview:-1\" \/>\n<link rel=\"canonical\" href=\"https:\/\/vidistechnology.com\/index.php\/product\/token-inline-800-480-w-8-prises\/\" \/>\n<meta property=\"og:locale\" content=\"fr_FR\" \/>\n<meta property=\"og:type\" content=\"article\" \/>\n<meta property=\"og:title\" content=\"TOKEN INLINE 800VA \/ 480 W \/ 8 PRISES - Vidistechnologie\" \/>\n<meta property=\"og:description\" content=\"Onduleur Inline NJoy Token 800 &#8211; Puissance 800VA \/ 480W &#8211; Fr\u00e9quence 50Hz ~ 60Hz &#8211; Temps de commutation 6 ms &#8211; Interface de communication PC USB &#8211; \u00c9cran LCD &#8211; Prises \u00e9lectriques 8 &#8211; RJ11 \/ RJ45 Protection du t\u00e9l\u00e9phone et du r\u00e9seau &#8211; Dimensions 345 x 200 x 100 mm &#8211; Poids 5.8Read More\" \/>\n<meta property=\"og:url\" content=\"https:\/\/vidistechnology.com\/index.php\/product\/token-inline-800-480-w-8-prises\/\" \/>\n<meta property=\"og:site_name\" content=\"Vidistechnologie\" \/>\n<meta property=\"article:publisher\" content=\"https:\/\/www.facebook.com\/profile.php?id=100089805237154\" \/>\n<meta property=\"article:modified_time\" content=\"2023-10-31T18:29:14+00:00\" \/>\n<meta property=\"og:image\" content=\"https:\/\/vidistechnology.com\/wp-content\/uploads\/2023\/10\/onduleur-inline-njoy-token-800-480-w-8-prises.png\" \/>\n\t<meta property=\"og:image:width\" content=\"800\" \/>\n\t<meta property=\"og:image:height\" content=\"800\" \/>\n\t<meta property=\"og:image:type\" content=\"image\/png\" \/>\n<meta name=\"twitter:card\" content=\"summary_large_image\" \/>\n<script type=\"application\/ld+json\" class=\"yoast-schema-graph\">{\"@context\":\"https:\/\/schema.org\",\"@graph\":[{\"@type\":\"WebPage\",\"@id\":\"https:\/\/vidistechnology.com\/index.php\/product\/token-inline-800-480-w-8-prises\/\",\"url\":\"https:\/\/vidistechnology.com\/index.php\/product\/token-inline-800-480-w-8-prises\/\",\"name\":\"TOKEN INLINE 800VA \/ 480 W \/ 8 PRISES - Vidistechnologie\",\"isPartOf\":{\"@id\":\"https:\/\/vidistechnology.com\/#website\"},\"datePublished\":\"2023-10-18T17:49:30+00:00\",\"dateModified\":\"2023-10-31T18:29:14+00:00\",\"breadcrumb\":{\"@id\":\"https:\/\/vidistechnology.com\/index.php\/product\/token-inline-800-480-w-8-prises\/#breadcrumb\"},\"inLanguage\":\"fr-FR\",\"potentialAction\":[{\"@type\":\"ReadAction\",\"target\":[\"https:\/\/vidistechnology.com\/index.php\/product\/token-inline-800-480-w-8-prises\/\"]}]},{\"@type\":\"BreadcrumbList\",\"@id\":\"https:\/\/vidistechnology.com\/index.php\/product\/token-inline-800-480-w-8-prises\/#breadcrumb\",\"itemListElement\":[{\"@type\":\"ListItem\",\"position\":1,\"name\":\"Accueil\",\"item\":\"https:\/\/vidistechnology.com\/\"},{\"@type\":\"ListItem\",\"position\":2,\"name\":\"produits\",\"item\":\"https:\/\/vidistechnology.com\/index.php\/shop-2\/\"},{\"@type\":\"ListItem\",\"position\":3,\"name\":\"TOKEN INLINE 800VA \/ 480 W \/ 8 PRISES\"}]},{\"@type\":\"WebSite\",\"@id\":\"https:\/\/vidistechnology.com\/#website\",\"url\":\"https:\/\/vidistechnology.com\/\",\"name\":\"Vidistechnologie\",\"description\":\"\",\"publisher\":{\"@id\":\"https:\/\/vidistechnology.com\/#organization\"},\"potentialAction\":[{\"@type\":\"SearchAction\",\"target\":{\"@type\":\"EntryPoint\",\"urlTemplate\":\"https:\/\/vidistechnology.com\/?s={search_term_string}\"},\"query-input\":\"required name=search_term_string\"}],\"inLanguage\":\"fr-FR\"},{\"@type\":\"Organization\",\"@id\":\"https:\/\/vidistechnology.com\/#organization\",\"name\":\"Vidistechnologie\",\"url\":\"https:\/\/vidistechnology.com\/\",\"logo\":{\"@type\":\"ImageObject\",\"inLanguage\":\"fr-FR\",\"@id\":\"https:\/\/vidistechnology.com\/#\/schema\/logo\/image\/\",\"url\":\"https:\/\/vidistechnology.com\/wp-content\/uploads\/2023\/09\/332472308_904858154051322_6295981484547826480_n.png\",\"contentUrl\":\"https:\/\/vidistechnology.com\/wp-content\/uploads\/2023\/09\/332472308_904858154051322_6295981484547826480_n.png\",\"width\":1992,\"height\":1259,\"caption\":\"Vidistechnologie\"},\"image\":{\"@id\":\"https:\/\/vidistechnology.com\/#\/schema\/logo\/image\/\"},\"sameAs\":[\"https:\/\/www.facebook.com\/profile.php?id=100089805237154\"]}]}<\/script>\n<!-- \/ Yoast SEO plugin. -->","yoast_head_json":{"title":"TOKEN INLINE 800VA \/ 480 W \/ 8 PRISES - Vidistechnologie","robots":{"index":"index","follow":"follow","max-snippet":"max-snippet:-1","max-image-preview":"max-image-preview:large","max-video-preview":"max-video-preview:-1"},"canonical":"https:\/\/vidistechnology.com\/index.php\/product\/token-inline-800-480-w-8-prises\/","og_locale":"fr_FR","og_type":"article","og_title":"TOKEN INLINE 800VA \/ 480 W \/ 8 PRISES - Vidistechnologie","og_description":"Onduleur Inline NJoy Token 800 &#8211; Puissance 800VA \/ 480W &#8211; Fr\u00e9quence 50Hz ~ 60Hz &#8211; Temps de commutation 6 ms &#8211; Interface de communication PC USB &#8211; \u00c9cran LCD &#8211; Prises \u00e9lectriques 8 &#8211; RJ11 \/ RJ45 Protection du t\u00e9l\u00e9phone et du r\u00e9seau &#8211; Dimensions 345 x 200 x 100 mm &#8211; Poids 5.8Read More","og_url":"https:\/\/vidistechnology.com\/index.php\/product\/token-inline-800-480-w-8-prises\/","og_site_name":"Vidistechnologie","article_publisher":"https:\/\/www.facebook.com\/profile.php?id=100089805237154","article_modified_time":"2023-10-31T18:29:14+00:00","og_image":[{"width":800,"height":800,"url":"https:\/\/vidistechnology.com\/wp-content\/uploads\/2023\/10\/onduleur-inline-njoy-token-800-480-w-8-prises.png","type":"image\/png"}],"twitter_card":"summary_large_image","schema":{"@context":"https:\/\/schema.org","@graph":[{"@type":"WebPage","@id":"https:\/\/vidistechnology.com\/index.php\/product\/token-inline-800-480-w-8-prises\/","url":"https:\/\/vidistechnology.com\/index.php\/product\/token-inline-800-480-w-8-prises\/","name":"TOKEN INLINE 800VA \/ 480 W \/ 8 PRISES - Vidistechnologie","isPartOf":{"@id":"https:\/\/vidistechnology.com\/#website"},"datePublished":"2023-10-18T17:49:30+00:00","dateModified":"2023-10-31T18:29:14+00:00","breadcrumb":{"@id":"https:\/\/vidistechnology.com\/index.php\/product\/token-inline-800-480-w-8-prises\/#breadcrumb"},"inLanguage":"fr-FR","potentialAction":[{"@type":"ReadAction","target":["https:\/\/vidistechnology.com\/index.php\/product\/token-inline-800-480-w-8-prises\/"]}]},{"@type":"BreadcrumbList","@id":"https:\/\/vidistechnology.com\/index.php\/product\/token-inline-800-480-w-8-prises\/#breadcrumb","itemListElement":[{"@type":"ListItem","position":1,"name":"Accueil","item":"https:\/\/vidistechnology.com\/"},{"@type":"ListItem","position":2,"name":"produits","item":"https:\/\/vidistechnology.com\/index.php\/shop-2\/"},{"@type":"ListItem","position":3,"name":"TOKEN INLINE 800VA \/ 480 W \/ 8 PRISES"}]},{"@type":"WebSite","@id":"https:\/\/vidistechnology.com\/#website","url":"https:\/\/vidistechnology.com\/","name":"Vidistechnologie","description":"","publisher":{"@id":"https:\/\/vidistechnology.com\/#organization"},"potentialAction":[{"@type":"SearchAction","target":{"@type":"EntryPoint","urlTemplate":"https:\/\/vidistechnology.com\/?s={search_term_string}"},"query-input":"required name=search_term_string"}],"inLanguage":"fr-FR"},{"@type":"Organization","@id":"https:\/\/vidistechnology.com\/#organization","name":"Vidistechnologie","url":"https:\/\/vidistechnology.com\/","logo":{"@type":"ImageObject","inLanguage":"fr-FR","@id":"https:\/\/vidistechnology.com\/#\/schema\/logo\/image\/","url":"https:\/\/vidistechnology.com\/wp-content\/uploads\/2023\/09\/332472308_904858154051322_6295981484547826480_n.png","contentUrl":"https:\/\/vidistechnology.com\/wp-content\/uploads\/2023\/09\/332472308_904858154051322_6295981484547826480_n.png","width":1992,"height":1259,"caption":"Vidistechnologie"},"image":{"@id":"https:\/\/vidistechnology.com\/#\/schema\/logo\/image\/"},"sameAs":["https:\/\/www.facebook.com\/profile.php?id=100089805237154"]}]}},"_links":{"self":[{"href":"https:\/\/vidistechnology.com\/index.php\/wp-json\/wp\/v2\/product\/4486","targetHints":{"allow":["GET"]}}],"collection":[{"href":"https:\/\/vidistechnology.com\/index.php\/wp-json\/wp\/v2\/product"}],"about":[{"href":"https:\/\/vidistechnology.com\/index.php\/wp-json\/wp\/v2\/types\/product"}],"version-history":[{"count":2,"href":"https:\/\/vidistechnology.com\/index.php\/wp-json\/wp\/v2\/product\/4486\/revisions"}],"predecessor-version":[{"id":4498,"href":"https:\/\/vidistechnology.com\/index.php\/wp-json\/wp\/v2\/product\/4486\/revisions\/4498"}],"wp:featuredmedia":[{"embeddable":true,"href":"https:\/\/vidistechnology.com\/index.php\/wp-json\/wp\/v2\/media\/4487"}],"wp:attachment":[{"href":"https:\/\/vidistechnology.com\/index.php\/wp-json\/wp\/v2\/media?parent=4486"}],"wp:term":[{"taxonomy":"product_cat","embeddable":true,"href":"https:\/\/vidistechnology.com\/index.php\/wp-json\/wp\/v2\/product_cat?post=4486"},{"taxonomy":"product_tag","embeddable":true,"href":"https:\/\/vidistechnology.com\/index.php\/wp-json\/wp\/v2\/product_tag?post=4486"}],"curies":[{"name":"wp","href":"https:\/\/api.w.org\/{rel}","templated":true}]}}